(2 + (-27 - -10 - -3))) + -25.
-12
What is the value of (61 + -81 - -101) + -16?
65
Calculate -1 + (7 - 0) + -40 + 1 + 6.
-27
What is 11 - (-71 + -61 + 134 + (-2 - -2 - 12))?
21
What is the value of 29 - -2 - (14 - ((21 - -1) + (-377 - -368)))?
30
Evaluate -3 + 6 - (-12 + 32 - 0 - -13).
-30
Calculate (235 - 263 - (0 - -30)) + 1 + -15.
-72
What is the value of -29 + 49 + -21 + 6 + (0 - 5 - 50)?
-50
What is the value of 9 - (35 + -11 - 51)?
36
What is 10 + 1 - (-8 + 55 + -74 + 16)?
22
What is 1 - 5 - 6 - (6 - (-25 + 43)) - 11?
-9
Calculate -6 + -53 - (-3 + (-9 - -3) + -33 + 53).
-70
Calculate -73 - (-100 - (111 - 51)).
87
Calculate -87 - -72 - ((-9 - (2 + -4)) + (-102 - 5)).
99
Evaluate 185 + -86 + 46 - 80.
65
Evaluate 8 - (-55 + -17 - -44).
36
Calculate (14 + -4 - 0) + (-141 - -104).
-27
Evaluate -26 - (23 + -7 - 2).
-40
Calculate -3 + (-6 - 2) + 14 + -3 - 6.
-6
Calculate (54 - -1) + -22 + -18 + (-3 - 1).
11
Calculate 23 + (-1 - -10) + 8 + -9 + (7 - 11).
27
Calculate -8 + (-2 - ((-21 - -2) + -38 + 43)).
4
Calculate 2 - (-1 + (12 - 10) + -1 + -6 + 6).
2
-22 - (71 - 43) - 8
-58
Evaluate -51 - (-6 + 9 + -6 + -3 + 18 + -10).
-53
What is 8917 - 8968 - (1 + -94)?
42
7 + 3 + 58 - (-5 + 12 - 12)
73
Calculate 13 + (-23 - (2 - (23 - 4))) + -22.
-15
What is the value of 0 + 4 + (33 - (35 + -18)) + (-20 - -2)?
2
Calculate -1 + 9 + (-37 - -9 - 0).
-20
What is -8 + -1 + ((5 - 16) + 98 - -12)?
90
What is (-48 - -75) + -145 + 4 + 31?
-83
What is the value of (23 - 31) + (-3 - (17 + -13))?
-15
What is the value of -31 + 11 + -51 + 47?
-24
What is -2 - (-96 + 3 + 204 + -191 + (8 - -1))?
69
What is the value of 32 - (-34 + (45 - 11) + -51)?
83
Evaluate (-23 - -104) + -21 - (18 + 11 + -13).
44
Evaluate 42 + -24 - (22 - 0) - 24.
-28
What is the value of -8 + (-16 - (-8 - 36)) + 11 + -1 + -2?
28
Calculate 17 - (66 - (48 - -35)).
34
Evaluate -42 + 67 + -62 + 89 + 33.
85
Calculate -2 + (-5 - (-9 - (1 + -12))) + (-3 - 32).
-44
What is (-44 - -18) + 20 - (7 - 13 - -31)?
-31
What is the value of 48 + 65 + -124 - 39?
-50
What is the value of 7 + 7 + -14 + (-98 - -48)?
-50
What is (418 - 385) + (3 - (14 + -2)) - 16 - -70?
78
What is 0 + 24 + (-39 + -11 - -69)?
43
(-264 - -346) + 9 + -9 + 5 + (0 - 17)
70
25 + (-27 - (-8 + 4))
2
Calculate (-9 - (-30 + 9)) + -31 - -30 - (1 - 76).
86
Evaluate -53 + -27 + 55 + -17.
-42
Calculate -1 - (-20 - ((9 - 6) + -24 - -13)).
11
Evaluate -31 + (30 + 5 - (-82 - -84)).
2
-11 - (-28 + (8 - -52))
-43
What is the value of (0 - 2) + (-180 - -144) - 3?
-41
What is the value of -39 + 95 - (-3 + -8 + 15) - (-13 - -1)?
64
What is (78 + 56 - 27) + -6 + -5 + 8 + -3?
101
What is the value of -101 + 136 - 132 - -37?
-60
Calculate -1 - -50 - 0 - (-4 - -24).
29
What is the value of -174 + 193 + -21 + -11?
-13
-8 - (0 - -2) - (-1 + 4) - -10
-3
What is the value of -7 + 164 + -42 + -62?
53
What is -42 - (-86 - -31) - (1 + 20)?
-8
What is the value of -50 + (273 - 271) - (2 - 1)?
-49
Calculate -1 - 9 - ((13 - -55) + -85).
7
Calculate -70 - (-84 - (38 - 93)).
-41
-48 - (24 + -99 + 70)
-43
Evaluate 24 - ((-7 + 7 - 17) + 10).
31
(-19 + (56 - 1) - (24 - 39)) + -4
47
80 - (28 - -62 - 53)
43
Evaluate 10 + (-31 - (9 - (-11 + (24 - -8)))) + 24.
15
What is the value of 0 + 79 - (583 - 538)?
34
Evaluate 22 - (0 + 14) - (4 + 3) - (51 - 2).
-48
What is the value of (-20 - -10) + 80 + -129?
-59
What is the value of (0 - -30) + (16 - (-28 + 29) - (11 - -2))?
32
Evaluate (-6 + 34 - 124) + 14 + 39.
-43
Calculate 40 - (81 - (-27 + 81)).
13
Evaluate -48 - -126 - (12 - -149).
-83
Calculate -58 + 46 + 3 + 13.
4
Calculate 350 + -320 + (-67 - 1).
-38
-110 - 50 - -80 - -32
-48
109 - (12 - (2 - 54))
45
What is -71 - ((-18 - (1 - 32)) + -25)?
-59
What is the value of -17 - -7 - (-21 + 20) - (1 - 71)?
61
Evaluate -36 - (-4 + 13 + (1 - (5 - 6))).
-47
Calculate 38 - (-2 - (-21 - -15 - -9)).
43
Evaluate -15 - -18 - -15 - (25 - -28).
-35
What is (24 - -2) + (-179 + 154 - (-23 + 2))?
22
What is -68 + (424 - 126) + -120?
110
What is the value of 32 + (-43 - 32) + (5 - -1) + 18?
-19
Evaluate -6 - (29 + -91) - (-7 + 10).
53
-36 - (-64 - -11) - (-3 + (-1 - 59))
80
Evaluate (25 - 27) + -2 + -9 + 56 + -5.
38
-20 + 3 + 5 + -3 + (78 - 73) + 11
1
(36 + -24 + 1 - 2) + -20
-9
Calculate 2 - -10 - (18 + 17 + -21).
-2
Evaluate -2 - (-2 + -74) - ((56 - -26) + -35 + -31).
58
Calculate -10 + -19 + 14 + 53 + -11.
27
-20 + 2 - (115 + -102)
-31
Evaluate (16 - 88) + 107 - (22 + 0).
13
What is the value of -149 - -114 - (-1 - 68)?
34
Evaluate -70 - (8 - (13 - (16 + 16 + -26))).
-71
470 + -499 + 21 + 0 + 38
30
Calculate 12 - (-5 - (-82 - -22) - 23).
-20
Evaluate -2 + (12 - (52 + 59 + (-1 - -1))).
-101
Calculate -28 + 96 + (-75 - -52).
45
Calculate 1 + -1 + 0 - (0 - 2) - (41886 - 41828).
-56
What is 1 + -30 - (72 + -158 - -47)?
10
Evaluate 153 - (77 - -3) - -17.
90
Calculate -3 + (-7 - -80 - 12) - 2 - 11.
45
What is the value of -16551 + 16468 - (-1 - (3 + 9 + -2))?
-72
What is -6 - (33 - 38 - 20)?
19
-2 + -2 + -9 + 259 + -269
-23
What is (-94 - 83 - -135) + (19 - 0)?
-23
What is -124 - (-125 - (-169 + 90))?
-78
Evaluate 12 + -1 - (156 - (62 + 8 + -45)).
-120
What is -8 + (-6 + 16 + -1 - (56 + -57)) - 31?
-29
Calculate 181 - 149 - (30 - 9).
11
Evaluate 1594 + -1651 - (-3 + -5 - -3).
-52
What is 49 - (139 - 126 - (5 - 0))?
41
Calculate 3 - 1 - (-11 + (7 - (12 + -2)) - -36).
-20
(-3 - (-8 + -5)) + 4 - (-16 + 15)
15
Calculate 59 + -19 + 43 - (14 + -2) - -12 - 8.
75
What is the value of (4 - -4 - -85) + 6 + -34 + 14 + 9?
88
(40 - 75) + 90 + -39
16
-14 + 9 + -9 - (10 - 65)
41
Evaluate 35 + (1 + -17 - (-28 + (15 - 7))).
39
((2 - -7) + -2 - (-282 - -286)) + -5 + 24
22
What is 27 - (39 - (7 + -13 + 14))?
-4
Evaluate 18 - 27 - -19 - (2 + 106).
-98
What is the value of 73 + (55 - 94) + -76?
-42
Evaluate -12 - -14 - (-1 + 2 + -5).
6
Evaluate -54 - ((6 - 94) + 3).
31
What is the value of 16 - (91 - -38 - -36)?
-149
Calculate (37 + (-6 - 22) - (-40 + -2)) + -12.
39
What is the value of -3 - 22 - (1879 + -1846)?
-58
120 - ((18 - 46) + 33 + 17)
98
Calculate (1 - (-2 - (4 + 2)) - (7 + -3)) + -27.
-22
Calculate 11 - (25 - (-9 - -24)) - (-51 + (3 - 2)).
51
(-169 - -204) + (-21 - 0) - -13
27
Calculate -57 + (13 + 4 - 0) + -10 + 0.
-50
Calculate -1 + -5 + (-1 - -71) - (45 + -5 + -31).
55
Evaluate (-51 - 4) + (-16 + 15 + 9 + -11 - 7).
-65
What is the value of -93 + 94 + 10 - -76?
87
Calculate -87 - (15 - (147 + -34)).
11
Evaluate 1 + -2 + (-9 + (-22 - -53) - 29).
-8
What is -70 + (-8 - -4) + (-18 - -77) + -53?
-68
Evaluate 2 + 96 + (13 - 15) - (-8 - (-77 + 61)).
88
What is the value of 15 + 1 - (-42 + 69 - 30 - -19)?
0
((-4 - -4) + 2 - -28) + -119 + 122 - -7
40
Evaluate -7 + (-27 - -10 - -111 - -3 - -2).
92
What is 41 - 17 - 28 - (2 - 24)?
18
Calculate -8 + (6 - (8 + -29) - 5) + -59 + -10.
-55
What is ((-12 - 59) + (1 - -9) - -16) + 1 + -8?
-52
Evaluate ((-1 - -3) + -1 - 5) + (0 - -4).
0
Calculate -81 + 70 + 23 - (0 - (27 - 5)).
34
What is -30 + (14 - (18 + -13)) - 17?
-38
Evaluate (-32 - (-8 + 0)) + (5 - 10 - (1 + 2)).
-32
Evaluate (11 + 10 - 12) + (7 - (10 - (-3 - -6))).
9
What is -11 + -12 + 12 + 24 + (5 - -5) - 12?
11
Calculate -48 - (52 + (22 - 122)) - (-1 - -5).
-4
-32 + (54 - 11) - (1 - 2) - -11
23
-43 + 13 + 373 + -380
-37
Calculate (11 + -35 - (-27 + 5)) + -42.
-44
Calculate -132 + 0 + 136 - (-1 - 9).
14
Evaluate 29 + -22 + 11 - (-5 + (0 - -16)).
7
(0 - (-13 + 3) - 17) + 11 + -1 + -12
-9
What is the value of -20 - ((1 - 14) + -1) - -10?
4
Calculate 4 + -14 - (1084 + -948).
-146
What is the value of 6 + (-9 - (-14 - 11)) + -5 + -1?
16
41 + 1 - (-25 - -15) - 13
39
What is the value of -59 + (-8 + -1 - (-157 + 153))?
-64
Calculate -57 + (181 - 123) + (1 - (2 + 35)).
-35
Evaluate (43 - 19 - 103 - -26) + 4 + -22.
-71
Evaluate (-78 - 41 - -41) + 0 + 23.
-55
What is (16 - (26 - 65) - 5) + 12?
62
Calculate -5 + (-9 - (16 - 12)) + 15 + -1.
-4
Evaluate (-6 - 13) + 13 + 13 + -29.
-22
-31 + -122 + (-73 - -105)
-121
(178 - 137) + (-8 - -1) + (6 - 16)
24
Evaluate -113 + -56 + 206 + -73.
-36
Calculate (1 - (-9 + -13)) + 1 - (-8 - (-12 - -6)).
26
-51 - (20 - -1 - (-168 - -175) - (-18 + 34))
-49
What is the value of -80 + 76 + (49 - 8)?
37
What is the value of 1 + 0 + 23 + (-6 + 15 - (5 - -9))?
19
Calculate -27 - -27 - (-19 - -5 - (0 +